lculate n(-45).
4
Let o(i) = 12432*i - 111883. Determine o(9).
5
Let i(p) = 70124*p + 1472614. Determine i(-21).
10
Let a(m) = 51*m**2 - 159*m - 7. What is a(3)?
-25
Let y(z) = -32*z**2 + 1229*z - 7346. Calculate y(31).
1
Let w(l) = 12*l**2 + 422*l - 5050. Determine w(9).
-280
Let v(k) = k**3 + 35*k**2 + 177*k - 1094. Calculate v(-27).
-41
Let b(v) = 424*v - 1341. Determine b(6).
1203
Let d(k) = k**2 + 42*k - 29. Calculate d(-13).
-406
Let i(d) = d**2 + 95948*d + 1726767. Determine i(-18).
27
Let w(u) = -1089*u + 12447. Calculate w(12).
-621
Let l(w) = -4*w**3 - 57*w**2 + 474*w + 6824. Determine l(-14).
-8
Let k(z) = z**3 + 299*z**2 - 7442*z + 8358. Calculate k(22).
-2
Let g(r) = -4*r**3 + 179*r**2 - 27*r + 139. Give g(44).
4759
Let a(v) = -5*v**3 + 14*v**2 - 11*v - 72. Determine a(-2).
46
Let z(l) = 1099*l - 15463. What is z(14)?
-77
Let m(i) = 2*i**3 + 157*i**2 + 259*i + 2383. Calculate m(-77).
227
Let w(d) = d**3 + 418*d**2 + 1580*d - 31459. Determine w(-414).
5
Let d(v) = 4477001*v + 4476994. Determine d(-1).
-7
Let o(c) = -3807*c**2 + 34263*c + 10. Determine o(9).
10
Let c(s) = s**3 - 485*s**2 + 3160*s + 88925. Determine c(478).
17
Let k(m) = -m**2 - 420*m - 4078. Calculate k(-410).
22
Let x(u) = -2*u**3 - 2771*u**2 - 5543*u. What is x(-2)?
18
Let k(c) = 32501*c + 227382. Determine k(-7).
-125
Let f(v) = -731*v - 9366. Determine f(-13).
137
Let p(u) = 12*u**3 + 601*u**2 + 25*u - 1251. Calculate p(-50).
-1
Let q(j) = -261*j - 53771. Determine q(-206).
-5
Let i(b) = -2*b**2 + 1555*b + 97062. Calculate i(-58).
144
Let u(a) = -16*a - 748. Give u(54).
-1612
Let c(w) = 15*w**2 - 457*w + 1092. What is c(28)?
56
Let u(f) = 12*f**2 + 731*f + 603. What is u(-60)?
-57
Let s(o) = 137*o**3 - 45*o**2 - 81*o - 21. Give s(1).
-10
Let b(m) = -m**3 - 98*m**2 - 685*m - 4369. Give b(-91).
-1
Let h(a) = -10*a**2 + 12*a + 1072. Give h(14).
-720
Let j(n) = 2*n**3 - 25*n**2 - 880*n + 4622. Give j(26).
-6
Let o(r) = -7*r**2 - 2433*r - 150199. Determine o(-80).
-359
Let j(r) = -r**3 + 456*r**2 + 7539*r + 6205. Calculate j(472).
69
Let u(p) = 17464*p - 30474675. What is u(1745)?
5
Let q(b) = 216555*b + 3464881. Give q(-16).
1
Let k(n) = 158*n**2 + 612*n. Give k(-4).
80
Let z(f) = 3*f**3 + 1147*f**2 - 3477*f + 11. Determine z(3).
-16
Let h(i) = 15061*i + 286142. Calculate h(-19).
-17
Let a(i) = -i**3 + 297*i**2 - 2323*i + 3192. What is a(289)?
13
Let x(j) = 13*j**2 - 271*j + 1392. Determine x(11).
-16
Let p(r) = -216*r**2 + 3095*r - 10946. Calculate p(8).
-10
Let i(w) = 16*w**2 + 321*w + 600. What is i(-18)?
6
Let u(v) = -2*v**3 + 12*v**2 + 80636*v - 241957. What is u(3)?
5
Let w(a) = 26*a**2 - 195166*a - 1171939. Calculate w(-6).
-7
Let k(q) = -575*q - 15427. Calculate k(-30).
1823
Let q(u) = -72*u - 931. Determine q(0).
-931
Let n(f) = -f**3 - 463*f**2 - 9292*f - 4407. What is n(-442)?
13
Let x(r) = 84*r**2 - 2460*r + 12295. Calculate x(5).
2095
Let c(n) = -1309*n**2 - 552397*n + 389. What is c(-422)?
-33
Let l(h) = 115*h**2 - 64*h + 152. Give l(-2).
740
Let h(i) = -i**2 + 6907*i + 2380647. Determine h(-329).
3
Let z(v) = 296*v + 7578. Determine z(-25).
178
Let u(a) = 4975*a - 41280. Calculate u(8).
-1480
Let p(i) = 9*i**2 - 390*i - 2495. Determine p(49).
4
Let s(c) = 2*c**3 + 97*c**2 - 126*c - 70. Give s(2).
82
Let b(y) = -7247*y + 28134. Calculate b(4).
-854
Let y(a) = a**3 + 70*a**2 + 1110*a + 4066. Determine y(-49).
97
Let n(z) = 96745*z + 870697. Determine n(-9).
-8
Let a(c) = c**3 - 131*c**2 + 234*c + 3116. Give a(129).
20
Let g(l) = 1731*l - 240964. Determine g(139).
-355
Let m(k) = -5*k**2 - 204*k - 710. Calculate m(-4).
26
Let d(l) = -2*l**3 - 29*l**2 + 168*l - 74. What is d(4)?
6
Let v(k) = -k**2 + 3808*k + 169492. Determine v(-44).
4
Let y(l) = 87*l**2 - 8110*l + 1770. Give y(93).
3
Let w(u) = 339*u**2 + 952*u - 12. Give w(-3).
183
Let g(s) = 23*s**3 - 77*s**2 + 73*s - 82. What is g(3)?
65
Let u(k) = 3*k**3 - 12*k**2 + 1200*k - 6003. Give u(5).
72
Let a(h) = 5841*h - 52557. Give a(9).
12
Let s(q) = 30*q**2 - 1837*q + 7371. What is s(4)?
503
Let b(j) = 22328*j + 267912. Determine b(-12).
-24
Let g(x) = -3*x**3 + 826*x**2 - 268*x - 1595. Calculate g(275).
330
Let t(c) = 7*c**2 + 1086*c - 5420. Calculate t(-160).
20
Let a(l) = -34*l**2 - 44*l + 404. Determine a(-4).
36
Let l(c) = -23159*c + 231539. Determine l(10).
-51
Let g(b) = 11*b**3 - 1052*b**2 - 384*b + 8. What is g(96)?
8
Let g(s) = -s**3 + 56*s**2 + 348*s - 113. What is g(61)?
2510
Let p(k) = -70*k**2 - 53*k + 28. Give p(4).
-1304
Let i(f) = f**3 + 105*f**2 - 72*f - 8115. Calculate i(-105).
-555
Let n(p) = 3313*p - 19828. Calculate n(6).
50
Let m(i) = 21072*i - 63370. Give m(3).
-154
Let q(l) = -85312*l - 341278. Give q(-4).
-30
Let v(i) = 12274*i - 61502. Give v(5).
-132
Let t(b) = -3*b**2 - 233951*b - 1169723. Calculate t(-5).
-43
Let o(a) = -4285972*a + 17143875. Calculate o(4).
-13
Let g(b) = -4*b**3 + 105*b**2 - 42*b + 122. Calculate g(26).
-294
Let g(v) = v**2 + 131*v - 1. Calculate g(28).
4451
Let w(f) = -3*f**3 + 94*f**2 + 57*f - 685. Determine w(31).
2043
Let b(s) = 972*s - 8678. Calculate b(9).
70
Let j(f) = -22*f**2 - 1505*f + 976. What is j(-69)?
79
Let b(p) = -5212*p + 5189. What is b(1)?
-23
Let j(b) = 224208*b - 1121028. Determine j(5).
12
Let k(z) = 1473592*z + 44207755. Give k(-30).
-5
Let o(q) = 18*q**2 - 919*q - 12286. Determine o(-11).
1
Let m(g) = -23558*g - 376936. What is m(-16)?
-8
Let q(w) = -12*w**2 - 95*w + 86. What is q(-8)?
78
Let f(l) = -l**3 + 189*l**2 - 2557*l - 796. What is f(15)?
-1
Let p(g) = -g**3 + 5*g**2 - 963*g + 7861. Calculate p(8).
-35
Let j(c) = 380*c - 25048. Determine j(66).
32
Let t(o) = -o**3 + 35*o**2 + 1072*o - 2555. Give t(54).
-71
Let i(p) = -163*p - 4200. Give i(-52).
4276
Let v(n) = 517*n + 213746. What is v(-413)?
225
Let b(u) = 2*u**3 - 77*u**2 + 2526*u - 105824. Calculate b(40).
16
Let f(u) = -139*u**3 + 6*u**2 - 30*u - 28. Calculate f(-1).
147
Let d(p) = 30*p**2 - 61*p + 192. What is d(4)?
428
Let h(g) = 4174*g - 67309. Give h(16).
-525
Let g(w) = 29*w**2 - 40*w - 40. Determine g(5).
485
Let c(f) = 2*f**3 - 78*f**2 - 151*f - 592. Give c(41).
-59
Let w(v) = 142*v + 8372. What is w(-55)?
562
Let v(u) = -26*u**2 + 792*u + 2165. Determine v(33).
-13
Let n(r) = 2461*r + 438042. What is n(-178)?
-16
Let y(n) = -4*n**2 - 9962*n - 89617. Give y(-9).
-283
Let z(a) = a**3 + 304*a**2 - 3123*a - 3762. Determine z(11).
0
Let c(j) = 1172*j - 22289. Determine c(17).
-2365
Let r(j) = -3*j**3 + 100*j**2 - 350*j - 698. What is r(5)?
-323
Let y(f) = 11904*f + 11488. Calculate y(-1).
-416
Let m(o) = 18*o**3 - 3468*o**2 - 1154*o - 634. Determine m(193).
138
Let k(m) = 507*m - 23817. Determine k(47).
12
Let k(c) = -1501*c - 38046. Determine k(-27).
2481
Let l(p) = -34*p**2 - 71*p - 88. Calculate l(-6).
-886
Let a(l) = 2081*l - 1762603. Determine a(847).
4
Let l(u) = -29*u**3 - 1828*u**2 - 98*u - 2140. Determine l(-63).
65
Let b(n) = 76*n**2 + 2813*n + 14. What is b(-37)?
-23
Let g(a) = 4433*a + 146262. What is g(-33)?
-27
Let s(a) = 3*a**3 - 58*a**2 + 4*a - 2356. What is s(21)?
-67
Let q(k) = -23*k**2 + 1015*k + 8234. What is q(-7)?
2
Let x(y) = 12*y**2 - 389*y + 2271. Calculate x(7).
136
Let y(j) = j**2 + 77*j + 1057. Determine y(-17).
37
Let u(t) = -t**3 + 18*t**2 - 135*t + 447. Calculate u(8).
7
Let z(h) = -22*h**2 - 992*h - 908. Determine z(-44).
148
Let k(i) = i**3 + 85*i**2 - 1989*i - 13910. Give k(-103).
-5
Let j(c) = -c**3 + 11*c**2 + 420*c - 176. What is j(26)?
604
Let n(s) = -1369*s - 21705. Determine n(-16).
199
Let l(f) = -113*f**3 + 1352*f**2 + 343*f - 3550. What is l(12)?
-10
Let v(b) = 2*b**3 - 36*b**2 + 146*b - 19. Calculate v(12).
5
Let m(l) = l**2 + 202*l - 206. Calculate m(1).
-3
Let r(n) = -275651*n - 1653921. Give r(-6).
-15
Let a(t) = -164160*t + 985055. What is a(6)?
95
Let w(r) = r**3 + 175*r**2 + 1947*r - 120. Give w(-12).
-12
Let s(w) = -1033*w - 112601. What is s(-109)?
-4
Let b(a) = a**3 + 57*a**2 + 531*a + 1212. Determine b(-46).
62
Let p(y) = 14905*y + 59630. Determine p(-4).
10
Let x(u) = -6563*u + 649740. Give x(99).
3
Let q(b) = 2356*b**2 - 824601*b + 339. Give q(350).
-11
Let w(f) = -4*f**2 - 310*f + 1278. What is w(-77)?
1432
Let t(o) = 139*o**2 + 1501*o + 219. What is t(-11)?
527
Let v(r) = -41*r**2 - 1194*r - 265. Calculat